digit of p?
4
Let l = 37 + -17. Suppose 4*k - 2*k = l. Suppose 6 = 4*z - k. What is the units digit of z?
4
Suppose -1520 = -3*k - 5*k. What is the units digit of k?
0
Let j(l) = -20*l - 3. What is the hundreds digit of j(-9)?
1
Let l(n) = n**2 - 10*n. Let x be l(11). Suppose -4*c = -f - x, -f = 5*c + 3*f + 2. What is the units digit of c?
2
Suppose 7*o = 9*o - 60. What is the tens digit of o?
3
Suppose 0*u = u. Suppose u = -2*i - i + 33. Let l = 17 - i. What is the units digit of l?
6
Let m be 2/2 + (-42)/6. Let k be (-1)/2*1*m. Let f(q) = -q**3 + 5*q**2 - 5*q + 4. What is the units digit of f(k)?
7
Let r = -4 - -13. Let a = r - 6. Suppose 24 = 2*b + a*f, 5*f + 56 = -2*b + 4*b. What is the tens digit of b?
1
Suppose -4*n + 3*n - 3*g = -196, 0 = -4*n + 3*g + 799. What is the tens digit of n?
9
Let h = 11 + -7. Suppose -h*v - 816 = -296. What is the units digit of 10/(-35) - v/14?
9
Let w(d) = -7*d + 0 - 1 - 3*d**3 + 2*d**3 - 4*d**2 - 3*d**2. What is the units digit of w(-6)?
5
Suppose -3*j + 12 = -q - q, 4*q = -j - 10. Let l(u) be the third derivative of u**5/60 - u**4/24 - u**3/2 - u**2. What is the units digit of l(q)?
9
What is the units digit of -1 + (104 - 4) + -3?
6
Suppose 4*w + 15 = 7*w. What is the units digit of (w + 3)*(-14)/(-8)?
4
Let v = 6 + -2. Suppose -v*w + 8 = k - 0*w, -2*w = 3*k - 44. What is the tens digit of k?
1
Let o = 17 + -2. Let l = o - -18. What is the tens digit of l?
3
Let y(f) = -f**2 - 17*f + 58. What is the units digit of y(-17)?
8
Let v(c) = 2*c**2 + 6*c - 6. Let y be v(-6). What is the units digit of (12/(-10))/((-9)/y)?
4
Let t(s) = 29*s. What is the tens digit of t(1)?
2
Suppose -3*z = -12 - 0. Suppose -4*b = -0*b - x + z, 4*x - 1 = b. Let y(l) = -8*l. What is the units digit of y(b)?
8
Let q be (-50)/13 + 2/(-13). Let v = q + 6. What is the units digit of v?
2
Let h = 7 - 4. Suppose -4*g = -f + 3*f - 44, h*f - 62 = -5*g. What is the tens digit of f?
1
Suppose 4*k - 12 = k, -4*k = -4*w - 160. Let x = w + 60. What is the units digit of x?
4
Let q(n) = -2*n**3 - 2*n - 1. Let i be q(-1). Suppose -2*d + i*j + 2*j + 71 = 0, 3*d = -5*j + 69. Let s = d + -17. What is the units digit of s?
1
What is the hundreds digit of -101*(-4 - (-9)/3)?
1
Suppose 5*h = 28 + 17. What is the units digit of h?
9
Suppose 0 = w - 6*w - 20. Let y = 2 - w. What is the units digit of (10/(-4))/(y/(-12))?
5
What is the tens digit of (-12)/20 - (0 - (-279)/(-15))?
1
Let d(v) = v**2 - 3*v - 8. Let p be d(6). Let i(j) = j**2 - 9*j - 3. What is the units digit of i(p)?
7
Let b = -68 - -104. What is the tens digit of b?
3
Let k = -16 - -18. Suppose -k*s + 4 = -s, 3*s = -5*o + 182. What is the units digit of o?
4
Suppose 0 = -w + 1 + 3. Suppose -2*v - 2*x + 34 = -w*x, -5*x = 0. What is the tens digit of v?
1
Let o be 85*(-1 - (-7)/5). Let h = o + -18. What is the tens digit of h?
1
Suppose 223 = 2*i - 5*w - 199, 4*w = 8. What is the hundreds digit of i?
2
Let q(y) = 5*y. Let l be q(1). Suppose -5*d + l*x = -220, -4*x + 24 = 3*d - 2*d. What is the units digit of d?
0
Let z = -4 - -6. Suppose z*u - 4*u + 6 = 0. What is the units digit of u?
3
Let f = -68 - -98. Suppose f + 22 = -4*l. Let a = l + 23. What is the units digit of a?
0
Suppose 2*o - 4*j - 12 = o, -4*j - 16 = -2*o. Suppose 0 = 5*r - o*r - 2. What is the units digit of (12/16)/(r/8)?
3
What is the tens digit of ((-36)/21)/6 + (-1152)/(-14)?
8
Suppose 3*k + 2*f = -2*k + 90, -3*k + 3*f = -54. Let l = k + -10. What is the units digit of l?
8
Let m(p) = 9*p**2 + 1. Let v be m(1). Let i(c) = 3*c + 18. Let y be i(-9). Let h = v + y. What is the units digit of h?
1
Let j be 1 + -6 - (-6 - -4). Let n be -3*(-1 + 2/j). Suppose n*m - 2*x - 71 = 0, -2*m + 2*x + 13 = -19. What is the units digit of m?
3
Let o = -80 - -44. Let k = -19 - o. What is the tens digit of k?
1
Let s = -1 + 4. Let h(g) = 37*g + 1. Let u be h(1). Suppose -s*p + 13 = -u. What is the units digit of p?
7
Suppose -3*y + 8 = -7. Let s = -10 + y. Let x = 13 + s. What is the units digit of x?
8
Let g(r) = -r**3 + 6*r**2 - r + 2. Let k be g(6). Let m be (-14 - -3)/(2/k). Let i = m + -13. What is the units digit of i?
9
What is the units digit of 1 - (-113 - 4)/3?
0
Suppose 0 = -4*t + 8. Suppose -r - t = r. Let v = 11 + r. What is the tens digit of v?
1
Let t = 17 - -99. What is the tens digit of t?
1
Let z(w) = -w**3 + 8*w**2 - 4*w - 7. Let v be z(7). What is the tens digit of (v/(-6) + 1)*-24?
3
Let x be 1/(((-4)/76)/(-1)). Let t = -8 + x. What is the tens digit of t?
1
Let m(x) = -x**3 - 2*x**2 + 2*x + 1. Let k = 11 - 13. Let r be m(k). What is the units digit of (2 + r/2)*6?
3
Suppose 0 = -5*k - 0*k. Suppose 16 = -k*t - 2*t. What is the units digit of (-4)/t - (-9)/2?
5
Suppose 0 = 5*i - 4*i - 6. What is the units digit of 1410/39 + i/(-39)?
6
Suppose -y = 3*l - 421, 3*l = l - 5*y + 259. What is the units digit of l?
2
Let b = -9 - -15. Suppose 17 = a - b. What is the tens digit of a?
2
Suppose -30 + 288 = 3*f. Let p = f + -55. What is the tens digit of p?
3
Let n = -1 + 16. Let c = n - 8. What is the units digit of c?
7
Suppose 4*x - 238 = 5*t, -4 = -2*t + 4*t. What is the units digit of x?
7
Let h be 6*2*2/(-12). What is the units digit of h/(-3) - 164/(-6)?
8
Let k = -13 - 0. Let h = k + 23. What is the tens digit of h?
1
Let d = -184 + 283. What is the units digit of d?
9
Let n be (1/3)/(3/81). Let q be -1 + 1 - 6/1. Let z = n + q. What is the units digit of z?
3
Let q(h) = h**2 - 3*h - 4. Suppose 4*f - 17 = 11. What is the units digit of q(f)?
4
Let c be 68/(-6) - (-8)/(-12). Let y = 38 + c. Let g = y - 17. What is the units digit of g?
9
Suppose -4*m + 473 = -79. What is the units digit of m?
8
Let p = -3 + 7. Suppose -5*c + 9 = 2*t - 26, -p*c - 4*t + 28 = 0. What is the units digit of c?
7
Let d = 95 - 41. What is the units digit of d?
4
Suppose -5*v = -4*k - v + 144, 0 = 2*v - 2. What is the tens digit of k?
3
Let c(g) = -g - 2. Let z be c(-6). Let d be 926/(-8) - (-2)/(-8). What is the units digit of d/(-36) - z/18?
3
Let t(l) = -l**2 - 2*l + 5. Let j be t(-3). What is the tens digit of 18 - (2/(-1) + j)?
1
Let n(r) = r**3 - 10*r**2 + 2. Let c(q) = -q + 3. Let z be c(-7). What is the units digit of n(z)?
2
Let y(x) be the second derivative of x**3/6 + 7*x**2 + x. What is the units digit of y(-6)?
8
Let f(x) = 24*x + 17. What is the units digit of f(4)?
3
Let s(j) be the second derivative of 4*j**3/3 - 3*j**2/2 - j. What is the tens digit of s(2)?
1
Suppose 2*v + 30 = 5*w - 42, 5*w - 4*v - 74 = 0. Let u = -5 + w. What is the units digit of u?
9
Let r be (-762)/10 + 5/25. Let i = r - -115. What is the units digit of i?
9
Suppose 121 - 5 = 2*g. What is the tens digit of g?
5
Let t be (5/2)/((-1)/2). Let y = -15 + 28. Let i = y + t. What is the units digit of i?
8
Suppose 0*b - 15 = -b. Suppose -j - 4*j + b = 0. Suppose -3 = -3*r + j. What is the units digit of r?
2
What is the units digit of 12 + -5 + 1 + 1?
9
Suppose 0*u + 9 = -3*u. Suppose s = 4*s - 4*k + 10, 0 = s + k + 1. What is the units digit of 3/u - (s + -12)?
3
Let l = -17 + 12. What is the units digit of (-1)/5 + (-41)/l?
8
Let o = 745 - 387. What is the hundreds digit of o?
3
Suppose -4*c = 5*i - 356, -2*c - 3*i - 408 = -7*c. What is the tens digit of c?
8
Suppose 3*o - 440 = -7*o. What is the units digit of o?
4
Let r be (4/8)/((-1)/(-12)). Let q(v) = -v**3 + 7*v**2 - 6*v + 4. Let f be q(r). Suppose f*m - 2*m - 34 = -2*h, 3*m = -6. What is the tens digit of h?
1
Suppose 18 = 6*b - 3*b. Let i = 7 - 4. Suppose -4*c + 0*c + g = -b, i*g = 5*c - 11. What is the units digit of c?
1
Suppose -5*n - w = -7, 4*n - 14 = 6*w - 4*w. Suppose n*r + r = 42. What is the units digit of r?
4
Let a be 32/(-24)*(-6)/4. Suppose -a*p + 41 = -19. What is the units digit of p?
0
Let f be (410/(-8))/((-2)/8). Let u be (-3)/12 + f/4. What is the units digit of 1/2 - u/(-6)?
9
Let k(m) = -m**2 + 11*m + 13. Let o be k(11). Let r = 30 - o. What is the units digit of r?
7
Suppose -5*c = 5*x - 170, x - 3*x - 135 = -5*c. What is the units digit of c?
9
Let n = 9 - -7. Let o = n + 3. What is the units digit of o?
9
Suppose 7*s - 227 = 18. What is the tens digit of s?
3
Suppose -4*v - 31 = -283. Suppose v = -6*p + 3*p - 3*n, 0 = -3*p - 4*n - 66. What is the units digit of (p/(-15))/(4/10)?